 c be (11 + -1)*102/(-10). Let n = c + 219. What is the tens digit of n?
1
Suppose 4*c - 4 = 0, -2*r - 24 = c + 59. Let a be -6*r/54*12/14. What is the hundreds digit of (-15)/(75/(-10))*226/a?
1
Suppose 155 = 4*x - 1585. Let g = x + -229. What is the units digit of g?
6
Let w be 0 + 6 + 36/(-6). Suppose 8*k - 3512 - 1592 = w. What is the hundreds digit of k?
6
Suppose -48*t = -117419 - 702133. What is the thousands digit of t?
7
Let m(h) = 2*h - 14. Let f be m(9). Let o(r) = f*r + 6*r**2 + 4 + 6*r**2 + 7*r**2 + 1. What is the tens digit of o(-2)?
7
Suppose 0 = -x + j + 1073 + 428, -5*j = 5*x - 7545. What is the thousands digit of x?
1
Suppose 0 = -14*k + 3 + 81. What is the hundreds digit of (28/k - 5)/((-3)/2844)?
3
Suppose -4*s - 480*t + 481*t = -5184, -4*t + 2592 = 2*s. What is the thousands digit of s?
1
Let u(v) = 5*v**2 - 8*v - 87. Let w be u(16). Let m = w + -467. What is the units digit of m?
8
Let c(r) = r + 1. Let i(k) = 16*k - 5. Suppose -21 = 5*g - 3*x, -4*g - 2*x + 5 = 13. Let f(z) = g*c(z) + i(z). What is the units digit of f(10)?
2
Let o(d) = 424*d**2 - 87*d + 452. What is the units digit of o(6)?
4
Let t = 5743 - 1669. What is the thousands digit of t?
4
Suppose 4*r + 468 = 2*f + f, -3*f = 2*r - 468. Suppose -105*j = -103*j - f. Suppose -b - 2*h + 7*h + j = 0, -h - 86 = -b. What is the tens digit of b?
8
Suppose -10 = -2*j, -5*n - 2*j = -n - 26. Let o be 4/(n/((-8)/(-2)))*1. Suppose 697 - 53 = o*p. What is the units digit of p?
1
Suppose -1231*q = -1201*q - 109350. What is the units digit of q?
5
Suppose 2*k - s - 1608 = 639, -k - s + 1119 = 0. What is the hundreds digit of k?
1
Let d = -118 + 124. What is the tens digit of ((-1)/(4/(-8)))/(d/219)?
7
Suppose 0 = -3*u + 4*b - 3137, -4*u + b + 2673 - 6873 = 0. Let r = u + 1497. What is the tens digit of r?
4
Suppose -2*u - u + 26715 = -55695. What is the hundreds digit of u?
4
Suppose 53*p = 21*p + 277120. What is the thousands digit of p?
8
Let k(h) = 229*h + 5380. What is the tens digit of k(22)?
1
Suppose 32*d + 420 = 20*d. Let z(p) = p**2 - 2*p + 31. What is the tens digit of z(d)?
2
Let t(u) = -u**3 - 7*u**2 - 4*u. Let j be t(-6). Let g be ((-30)/9)/((16/j)/4). Suppose -12*k + 220 = -g*k. What is the hundreds digit of k?
1
Suppose -2 = i - 0. Let v be i*(-2)/4*3*1. Suppose 7*c - 1860 = -v*c. What is the tens digit of c?
8
Suppose -z + 12 = -4*n + 3*n, 2*z - 30 = 4*n. Suppose z*o + 14*o - 10258 = 0. What is the hundreds digit of o?
4
Let d = 142 + -131. Suppose 14*p - 1041 = d*p. What is the hundreds digit of p?
3
Let f = -65 + 84. Suppose 4*p + 3 = f. What is the hundreds digit of -3 - (-8 + p - 121)?
1
Suppose 4*p = -5*n + 378742, -251115 = -4*n - 5*p + 51884. What is the thousands digit of n?
5
Let q(n) = 333*n**2 - 334*n**2 - 10 - 6*n - 4*n. Let v be q(-6). Suppose v + 133 = 3*u. What is the tens digit of u?
4
Let i(r) = 11*r**2 + r + 1. Let v be i(-6). Suppose 359*u = 358*u + v. What is the hundreds digit of u?
3
Let h(q) = q**3 + 19*q**2 - 7*q - 31. Let x(v) = -3*v**3 - 18*v**2 + 3*v. Let g be x(-6). What is the units digit of h(g)?
9
Suppose -5*c + 12 = s + 7, 4*s - 5*c + 30 = 0. Let d(f) = -81*f - 9. What is the hundreds digit of d(s)?
3
Let o(v) = 21*v - 185. Let h be o(9). Suppose -2*x = -0 + h, 0 = -s + x + 531. What is the hundreds digit of s?
5
Let n(l) = -12*l**3 + 3*l**2 + 2*l - 3. Suppose -61*m + 34 = -78*m. What is the units digit of n(m)?
1
Let p be 119/(-153) - 4/18. What is the units digit of 1*p + (156 - 9)?
6
Let g(d) = d**2 + 204*d - 111. What is the thousands digit of g(114)?
6
Suppose 2*u - 3*r - 14869 = 0, -37*u + 39*u - 14857 = -r. What is the tens digit of u?
3
Suppose i + 195 = 4*i. Let r be i*3/(75/70). What is the tens digit of 26180/r + (-2)/(-13)?
4
What is the hundreds digit of (180/(-21))/30*(0/1 - 42371)?
1
Let d = 16 - 12. Suppose -d*z - 2*y - 122 = -y, 3*y = -6. Let a = 90 + z. What is the units digit of a?
0
Suppose -20 = -4*o, -12 = 2*x - 5*o + o. Let r(q) = -17*q + 7. Let b be r(x). Let j = b - -87. What is the units digit of j?
6
Let n(x) = -x**2 + 11*x + 23. Let k(q) = q**2 - 10*q - 22. Let v(t) = -2*k(t) - 3*n(t). Let f be v(13). What is the units digit of (-40)/f*(11 - 1) - 1?
5
Suppose 5*l + q - 6 = 0, -24 = -2*l + 3*q + 2*q. Let u(m) = 32*m - 2*m**2 - l + 4*m**2 + 6 + 2*m**2. What is the tens digit of u(-13)?
6
Let a(r) = r**2 + 2*r - 2. Let v be a(3). Suppose -u - 60 = -v*u. Suppose 0 + 850 = u*c + z, 5*z = 5*c - 850. What is the units digit of c?
0
Let q(z) = -10*z**2 - 12*z**2 + 21*z**2 + 23 - 8*z. Let y be q(-10). Suppose 0 = -y*k - 203 + 836. What is the hundreds digit of k?
2
Suppose -4*q + 3*x = -0*q, -5*x = 4*q. Suppose -21 = -l - q*l. What is the tens digit of 28/l*(-7 + 1)*-3?
2
Suppose 7*q - 275072 = -5*q - 44*q. What is the thousands digit of q?
4
Let f(z) = 2*z**2 + 4*z + 3. Let d be f(-2). Let y(b) = 17*b**2 + 3. Let h be y(d). What is the units digit of (h/7 - 4) + (-6)/21?
8
Suppose -8 + 0 = -m + j, 3*j = 4*m - 27. Let i(b) = 34*b**2 - 8*b + 4. Let g be i(m). Suppose -14*n = -g - 638. What is the units digit of n?
6
Let j(p) = 4*p + 102. Let x be j(-26). What is the units digit of ((-27)/x)/(22/748)?
9
Let q = 9811 + -6434. Suppose 79*d - 68*d = q. What is the tens digit of d?
0
Let x = 16 + -21. Let d be (-1390)/x - (-4 - 0/(-3)). Let j = d + -58. What is the hundreds digit of j?
2
Suppose -63*p - 18*p = 136*p - 1658748. What is the hundreds digit of p?
6
Let u be (64/48)/((-4)/(-6)). Suppose 0 = u*b + 5*y - 713, -4*b - 2*y + 1432 = 2*y. What is the units digit of b?
9
Let x(p) be the third derivative of 0*p - 5/12*p**4 + 31*p**2 - 17/6*p**3 + 0. What is the tens digit of x(-12)?
0
Suppose 0*b + 2*b + 66 = 0. What is the units digit of -5 - -5 - b/1*1?
3
Let f(s) = 4*s**2 - 377*s + 89. What is the hundreds digit of f(-20)?
2
Let h(p) = -36*p**2 - 2*p + 4. Let a be h(4). Let o = a + 898. Suppose -o = 29*d - 32*d. What is the units digit of d?
6
Suppose -2*l + 15 = -3*b, -4 = 5*b + 11. Suppose 2*r - 4*v - 7 + 1 = 0, l*r + 2*v = 9. What is the tens digit of -3 + ((-15)/(-6) + r)*6?
3
Suppose -4*l - 22*l = 26. Let c(z) = -1150*z**3 + 2*z**2 - 3*z - 4. What is the units digit of c(l)?
1
Suppose 0 = -3*w - 6, -4*w = -2*t + 3 - 31. Let h = 179 - t. Suppose -3*l + h = -235. What is the hundreds digit of l?
1
Suppose -4 = -9*q - 22. What is the units digit of (q/(-6)*-2)/((-2)/1233)?
1
Let n = -278 - -668. Suppose 2*u = -4*f + 20, 2*f = 5*u + f + 5. Suppose u = 6*m - n - 294. What is the tens digit of m?
1
Let r be 1670/(-25) - (-2)/(-10). Let h = 69 + r. What is the tens digit of (-155)/(-2) + (-3)/h?
7
Let a = 43 - -43. Suppose -i = -99 - a. What is the tens digit of i?
8
Let o(j) be the third derivative of 0*j + 25/6*j**3 - 11/24*j**4 - 44*j**2 + 0 + 1/5*j**5 - 1/120*j**6. What is the tens digit of o(11)?
2
Let c = 29904 - 21703. What is the units digit of c?
1
Let d be 2*(3 + 1/(2/23)). Let f = d - 25. Suppose -h + r + 84 = 0, -r + 296 = f*h + 3*r. What is the tens digit of h?
7
Let c = -4042 - -4255. What is the hundreds digit of c?
2
Let b be -140*(-5 + (-125)/10). Suppose 3*n = b - 728. What is the hundreds digit of n?
5
Let j(x) = -77*x - 177. Let y be 5/25 + 78/(-15). What is the hundreds digit of j(y)?
2
Let z = -32 + 32. Suppose z = 3*p - 2*o + 43, 75 = -5*p + 9*o - 5*o. Let c(j) = -j**3 - 9*j**2 + 21*j + 25. What is the units digit of c(p)?
6
Suppose 2*v - 5543 - 11804 = -5*z, 4*z - 8672 = -v. What is the units digit of v?
6
Suppose 4*i + 325 = -0*n + 3*n, 5*i - n = -420. Let q = i + 633. What is the units digit of q?
8
Let j = 7871 - 3097. What is the hundreds digit of j?
7
Let q(o) = -o**3 - 21 + 54*o**2 + 16*o**3 - 64*o**2 - 6*o. Let f(z) = 8*z**3 - 5*z**2 - 3*z - 11. Let d(g) = -11*f(g) + 6*q(g). What is the tens digit of d(4)?
3
Suppose 9 = -2*x - 3*b, 0 = 4*x + 5*b - b + 12. Suppose -1462 = -2*r + 7*k - 3*k, -3*r - k + 2158 = x. What is the tens digit of r?
2
Let k be (-2 - (-875)/(-14))/((-1)/(-2)). Let p = 4 - k. What is the tens digit of p?
3
Let w be -5*(2 + 24/(-20)). Let q(h) be the first derivative of 2*h**3/3 + 2*h**2 + 10*h - 204. What is the units digit of q(w)?
6
Let z(j) = 17*j + 8. Let h = 52 - 23. Suppose 5*k - 54 = -2*p, -3*p + 27 = 5*k - h. What is the hundreds digit of z(k)?
1
Supp